{"id":1447,"date":"2025-06-03T15:33:23","date_gmt":"2025-06-03T15:33:23","guid":{"rendered":"https:\/\/cursos.cipu.org.uy\/cursos\/?post_type=product&#038;p=1447"},"modified":"2026-03-11T13:55:43","modified_gmt":"2026-03-11T13:55:43","slug":"tecnologia-de-la-panificacion","status":"publish","type":"product","link":"https:\/\/cursos.cipu.org.uy\/cursos\/producto\/tecnologia-de-la-panificacion\/","title":{"rendered":"19\/05 Tecnolog\u00eda de la Panificaci\u00f3n"},"content":{"rendered":"<h1 style=\"text-align: center;\"><span style=\"color: #ff0000;\"><strong>TECNOLOG\u00cdA DE LA PANIFICACI\u00d3N<\/strong><\/span><\/h1>\n<h1><span style=\"color: #ff6600;\">Inicio: 19 de mayo<\/span><\/h1>\n<h1><span style=\"color: #ff6600;\">D\u00edas: Martes y jueves<\/span><\/h1>\n<h1><span style=\"color: #ff6600;\">Horario: <\/span><\/h1>\n<h1><span style=\"color: #ff6600;\">Clases te\u00f3ricas: 18:30 a 21:00 horas<\/span><\/h1>\n<h1><span style=\"color: #ff6600;\">Clases pr\u00e1cticas: 17 a 21 horas<\/span><\/h1>\n<p>&nbsp;<\/p>\n<h1><span style=\"color: #ff6600;\">Costo: $ 27.300 <\/span><\/h1>\n<h1><span style=\"color: #ff6600;\">\u00a0 \u00a0 \u00a0 \u00a0 \u00a0Clases te\u00f3ricas $ 20.800 (12 clases)<\/span><\/h1>\n<h1><span style=\"color: #ff6600;\">\u00a0 \u00a0 \u00a0 \u00a0 \u00a0Clases pr\u00e1cticas $ 6.500 (3 clases opcionales)<\/span><\/h1>\n<h1>\u00a0 \u00a0 \u00a0 \u00a0 \u00a0Clases presenciales y\/o por Zoom (para alumnos del interior y\/o exterior)<\/h1>\n<h1><span style=\"color: #ff6600;\">\u00a0 \u00a0 \u00a0 \u00a0 \u00a0 \u00a0 \u00a0 \u00a0<\/span><\/h1>\n<p>El curso es en conjunto con la Facultad de Qu\u00edmica.<\/p>\n<p>Click en M\u00e1s informaci\u00f3n aqu\u00ed para acceder a la informaci\u00f3n completa.<\/p>\n<p><em><a href=\"https:\/\/cursos.cipu.org.uy\/cursos\/wp-content\/uploads\/2026\/03\/Tecnologia-de-la-Panificacion-2.pdf\"><strong>M\u00c1S INFORMACI\u00d3N AQU\u00cd<\/strong><\/a><\/em><\/p>\n<p>&nbsp;<\/p>\n<p>&nbsp;<\/p>\n<p>&nbsp;<\/p>\n<p>&nbsp;<\/p>\n<p><strong>\u00a0<\/strong><\/p>\n","protected":false},"excerpt":{"rendered":"<p>TECNOLOG\u00cdA DE LA PANIFICACI\u00d3N Inicio: 19 de mayo D\u00edas: Martes y jueves Horario: Clases te\u00f3ricas: 18:30 a 21:00 horas Clases pr\u00e1cticas: 17 a 21 horas &nbsp; Costo: $ 27.300 \u00a0 \u00a0 \u00a0 \u00a0 \u00a0Clases te\u00f3ricas $ 20.800 (12 clases) \u00a0 \u00a0 \u00a0 \u00a0 \u00a0Clases pr\u00e1cticas $ 6.500 (3 clases opcionales) \u00a0 \u00a0 \u00a0 \u00a0 \u00a0Clases<\/p>\n<div class=\"more-link\">\n             <a href=\"https:\/\/cursos.cipu.org.uy\/cursos\/producto\/tecnologia-de-la-panificacion\/\" class=\"btn btn-theme\">Seguir leyendo<i class=\"fa fa-fw fa-long-arrow-right\"><\/i><\/a>\n        <\/div>\n","protected":false},"featured_media":1887,"template":"","meta":[],"_links":{"self":[{"href":"https:\/\/cursos.cipu.org.uy\/cursos\/wp-json\/wp\/v2\/product\/1447"}],"collection":[{"href":"https:\/\/cursos.cipu.org.uy\/cursos\/wp-json\/wp\/v2\/product"}],"about":[{"href":"https:\/\/cursos.cipu.org.uy\/cursos\/wp-json\/wp\/v2\/types\/product"}],"wp:featuredmedia":[{"embeddable":true,"href":"https:\/\/cursos.cipu.org.uy\/cursos\/wp-json\/wp\/v2\/media\/1887"}],"wp:attachment":[{"href":"https:\/\/cursos.cipu.org.uy\/cursos\/wp-json\/wp\/v2\/media?parent=1447"}],"curies":[{"name":"wp","href":"https:\/\/api.w.org\/{rel}","templated":true}]}}